tens digit of r?
4
Suppose -4*b - 2*b - 30 = 0. What is the hundreds digit of 3 + 0/(b + 1) + 610?
6
Let n = -73 + 32. Let d = 1141 - n. What is the hundreds digit of d?
1
Let o be -3*(-27 - 3 - -3). Let p = o - 78. What is the units digit of ((6/(-4))/p)/(2/(-132))?
3
Let g(o) = -483*o - 2130. What is the tens digit of g(-59)?
6
Let k(c) = -2*c**3 + 12*c**2 + 8*c + 3. Let z be k(10). Let u = -709 - z. What is the units digit of u?
8
Let h be 16/10*((-12545)/(-10) + 3). Let z = h - 1405. What is the tens digit of z?
0
Let m = -5 - -7. Suppose -4*x - m*o + 1947 = 133, 3*o = 5*x - 2284. What is the units digit of x?
5
Let y be (-20632 - -7)*(-42)/(-35). What is the hundreds digit of ((-10)/(-4))/((-11)/y*9)?
6
Suppose 20*x + 6379 = 49319. What is the tens digit of x?
4
Let p = -1650 - -3085. Let q be -2*(-1 - p/10). Suppose 0 = -3*i - 46 + q. What is the units digit of i?
1
Let g = -18255 + 29402. What is the thousands digit of g?
1
Let u(o) = o**3 + 5*o**2 + 5*o + 6. Let h be u(-3). Suppose h*x + 95 = -121. What is the tens digit of 426/4 - (-12)/x?
0
What is the thousands digit of (2 - -1)*(7/((-7)/37172))/(-3)?
7
Let f(p) = 44*p + 44. Let z be 15 + -1 - ((-32)/8 + 10). What is the units digit of f(z)?
6
Suppose 0 = -p - 135 + 90. What is the tens digit of 346*(-205)/(-150) - 6/p?
7
What is the thousands digit of (7748/(-104))/((-2)/120)?
4
Let i(c) = 1 + 10*c + 3*c + 3*c - 5*c. Let f be i(2). Suppose 31*j - f*j = 2192. What is the hundreds digit of j?
2
Let x be (-1*(0 + 1))/(3/(-129)). Suppose -x*c - 30 = -38*c. What is the tens digit of (-921)/(-15) + c/15?
6
Suppose 4*x + 2134 = 2*h, 3*x + 3*h = -0*x - 1596. Let t = -341 - x. Suppose -t - 42 = -3*u. What is the tens digit of u?
7
Let y = 373 - 368. What is the units digit of (589 - y/(-5)) + 0?
0
Let l = 29001 - 20646. What is the tens digit of l?
5
Suppose -5*a + 6 = -2*a. Suppose 5126 = 57*b + 8575 - 31037. Suppose 4*n - a*n - b = 0. What is the tens digit of n?
4
Suppose 11 = -3*t + 20. Suppose -d + 768 = 5*j, -1562 = -2*d - t*j + 6*j. What is the units digit of d?
8
Suppose -k - 4*f + 415 = 0, -k - 5*f = -5*k + 1597. Suppose 4*a = 8*a - 5*s + k, 0 = 4*a - 2*s + 394. What is the units digit of -1*a/((-1)/(-1))?
7
Let v(w) = w**3 + 108*w**2 - 266*w - 1137. What is the units digit of v(-107)?
4
Let f(t) = 249*t**2 - 24*t + 1. What is the hundreds digit of f(3)?
1
Let d = -1859 - -2930. Let i = 2858 - d. What is the thousands digit of i?
1
Let f(a) = 4*a**2 + 2*a + 5. Let m be f(4). Let p = 160 - m. Let b = p - -61. What is the units digit of b?
4
Let p be (-8)/(-16) + 3/6 + -1617. Let n = p + 2416. What is the hundreds digit of n?
8
Suppose 26*a - 21*a + 12360 = 3*s, -5*s - 4*a + 20637 = 0. What is the units digit of s?
5
Suppose 5*x - 5*y - 365 = 0, 5*x - 365 = 4*y - 5*y. Suppose 20*q = -x + 813. What is the tens digit of q?
3
Suppose 174*w - 4888845 = -43*w + 34*w. What is the ten thousands digit of w?
2
Let h = -200 - -143. Let m = 60 + h. Suppose 0 = 5*d - m*u - 399, -5*u - 1 = -11. What is the units digit of d?
1
Suppose -48*a - 36*a + 777504 = 0. What is the hundreds digit of a?
2
Suppose -381*x = -409*x + 1318912. What is the hundreds digit of x?
1
Let n(f) = -12*f + 65. Let s be n(5). Suppose 4*j - 2306 = -3*q + 6*j, s*j + 2291 = 3*q. What is the units digit of q?
2
Suppose 23*j - 30 = 26*j. Let m be (2 - -4) + 6 + j. Suppose 0 = -4*g - 3*c + 213, 0*c - 90 = -m*g + 4*c. What is the tens digit of g?
5
Suppose 4*k + 64 = -3*c, 2*c = -k - 5 - 6. Let i = k + 27. Suppose -m + o + 230 = 0, 6*m + 464 = i*m - 4*o. What is the hundreds digit of m?
2
Let t be (25/10)/((-2)/(-20)). Suppose -t*z + 15*z = 0. Suppose z = -25*p + 8*p + 629. What is the tens digit of p?
3
Let f be -2*(2 + 45/(-10)). Suppose 8 = -c + 4*a - 0, -5*c + 10 = f*a. Suppose -1097 = -5*t - c*d + d, -211 = -t - 4*d. What is the tens digit of t?
1
Suppose 4*t = -743 - 593. Let j(l) = -l**3 - 22*l**2 - 32*l - 1420. Let p be j(-23). Let c = p - t. What is the units digit of c?
9
Suppose -2*a + 4238 = -6*w + 9*w, -a + 2*w + 2133 = 0. Suppose -5*t + a = -4*i, 5*t + 3*i - 2772 + 647 = 0. What is the tens digit of t?
2
Let m(l) = -2*l**2 - 39*l - 18. Let n be m(-15). Suppose 4*q + 2*i = n + 389, 0 = 5*q - 2*i - 610. What is the tens digit of q?
2
Suppose 5*v + 3002 = q - 4*q, -v = 5*q + 4996. What is the thousands digit of (-6 - (-7 + q)) + 6?
1
Suppose 3*p = -1448*v + 1452*v + 66072, -5*v + 15 = 0. What is the units digit of p?
8
Suppose v - 51 = -3*u, 4*u = -0*v + 2*v - 62. Let l = v - -514. What is the units digit of l?
3
Let j = -87 + 113. Suppose 0 = -22*i + j*i - 1392. What is the tens digit of i?
4
Suppose 4*b - 29061 = 5*x, -17556 = -5*b + 3*x + 18754. Suppose 1575 = -7*y + b. What is the tens digit of y?
1
Suppose 63 = -n + r + 4684, -4*n - 5*r = -18520. What is the units digit of n?
5
Let c = 21 - 13. Let l(b) = 2*b**3 - 15*b**2 - 10*b + 9. Let g be l(c). Let y(h) = -h**3 - 6*h**2 + 7*h + 4. What is the units digit of y(g)?
4
Let r(p) = 1046*p**2 - 8*p + 2. What is the thousands digit of r(2)?
4
Suppose q - 22 = -4*t, 4*t - 22 = -3*q + 3*t. Suppose -2558 - 742 = -q*g. What is the hundreds digit of g?
5
What is the thousands digit of (-2)/(-14) - 2468908/(-91)?
7
Let c be ((-15)/(-10) + (-2)/4)*-40. Let f be 139/((-204)/c + -5). What is the tens digit of 1/8 + (-3)/((-48)/f)?
8
Let o be 4/(-5)*250/(-20). Let s = 10 - o. Suppose s*u + 54 = 2*u. What is the tens digit of u?
2
Suppose -72*g = -2*z - 71*g + 23, g + 14 = z. Suppose z*f = -5448 + 16932. What is the tens digit of f?
7
Let a be (-50)/20*(-4)/5. Suppose 0 = a*j - 4 - 0. What is the units digit of 6/(-2) + 70 + j?
9
Let t = -46528 + 82900. What is the ten thousands digit of t?
3
Let k(m) = 5*m**2 - 10*m + 25. Let p be (-990)/81 - (-2)/9. What is the units digit of k(p)?
5
Let l(u) = 201*u - 132. What is the tens digit of l(5)?
7
Let v(z) = z**2 + 5*z - 291. What is the units digit of v(31)?
5
Let b(d) = 10*d**3 + d**2 - 9*d - 22. Let t(l) = -11*l**3 - 2*l**2 + 10*l + 22. Let w(i) = 5*b(i) + 4*t(i). What is the tens digit of w(5)?
2
Let x be -1 + -1 + 0 + 15. Let t = x + -111. Let p = t - -247. What is the hundreds digit of p?
1
What is the tens digit of (34/(-85))/(1/(-15000))?
0
Suppose -4*v - 2*q = -7*v - 142, -92 = 2*v - 2*q. Let n = v + 81. What is the tens digit of n?
3
Let z(t) be the first derivative of -517*t**2 + 6*t - 13. Let s be z(-1). What is the units digit of s/36 + (-1)/(-9)?
9
Let p(w) = 48*w - 86 - 87 + 249 - 12*w - 84. Suppose 12 = 5*i + h, 2*i - h = h. What is the tens digit of p(i)?
6
Let g(m) = -m**3 + 22*m**2 + 2*m - 2. Let z be g(22). What is the units digit of 7480/z - (-42)/(-441)?
8
Let o = 9 - 0. Suppose -o*n - 697 + 4558 = 0. What is the hundreds digit of n?
4
Suppose -5*u + 4*j = -33, -4*u + 17 = 4*j + 5. Suppose -2*d + 16864 = 29*d. Suppose d = 4*p + 2*k, -u*k = -5*p + 508 + 202. What is the hundreds digit of p?
1
Let y = 86 + -153. Let q = y - -32. What is the tens digit of (-44)/77*q/2?
1
Suppose 5123 - 39674 - 10153 = -16*w. What is the hundreds digit of w?
7
Suppose -5*m + x = -36956, -8 = 3*x - 5*x. What is the thousands digit of m?
7
Let m be 5/((6/(-9))/((-8)/10)). Suppose -4*i + 21 = 5*x, -4*x + m = 4*i - 2*x. What is the tens digit of 41*(6 - 4) + i?
8
Suppose 7*z - 136 = 24*z. Let o = z + 276. What is the hundreds digit of o?
2
Suppose 5*r - 4*m - m + 2115 = 0, 2*r - 4*m + 840 = 0. Suppose -19851 - 5925 = -36*d. Let y = d + r. What is the hundreds digit of y?
2
Let j be 5664/(-6)*1/(-4)*2. Let u = j + -230. Suppose -2*g + u = 56. What is the units digit of g?
3
Let s = -662 - -698. Suppose -s*d - 118 = -39*d - 4*h, -5*d + 5*h + 220 = 0. What is the units digit of d?
2
Suppose -29275 = -2*k + 3*h + 5292, 17281 = k - h. What is the hundreds digit of k?
2
Let w = 49938 - 20392. What is the units digit of w?
6
Suppose -16*l - 6*l = 242. Let j(n) be the third derivative of -5*n**4/6 + 37*n**3/6 - 8*n**2. What is the tens digit of j(l)?
5
Let w(u) = 2046*u**2 + 87*u - 461. What is the hundreds digit of w(6)?
7
Let g(j) = 143*j + 87. Let b be g(10). Let o = b + -1080. What is the tens digit of o?
3
Let u be -12*7/(84/(-8)). Suppose 3*r - 198 = -g, 3*g + 5*r - 104 = 498. Suppose -94 = -n - 3*l - u, -2*n + 2*l + g = 0. What is 